9358?
42
Calculate the greatest common divisor of 15988 and 196.
28
Calculate the highest common factor of 2535 and 1495.
65
What is the greatest common divisor of 17904 and 48?
48
What is the greatest common divisor of 6251 and 3857?
133
Calculate the highest common factor of 781 and 1529.
11
What is the greatest common divisor of 295425 and 1212?
303
Calculate the greatest common divisor of 6 and 673986.
6
What is the greatest common factor of 15036 and 192?
12
What is the highest common factor of 566 and 106?
2
Calculate the greatest common divisor of 55481 and 1527.
509
What is the greatest common factor of 244400 and 423?
47
Calculate the highest common factor of 308 and 4513432.
308
What is the highest common divisor of 229 and 42365?
229
Calculate the highest common divisor of 252244 and 304.
76
Calculate the highest common factor of 240118 and 1688.
422
What is the highest common divisor of 7295 and 1955?
5
What is the greatest common divisor of 228696 and 624?
312
What is the greatest common factor of 7925 and 5706?
317
Calculate the greatest common divisor of 77023 and 2.
1
What is the greatest common divisor of 134 and 25862?
134
Calculate the greatest common divisor of 30 and 59940.
30
Calculate the greatest common factor of 1298 and 4191242.
1298
What is the highest common divisor of 18243514 and 458?
458
What is the greatest common factor of 630735 and 10?
5
Calculate the highest common divisor of 2043 and 526640.
227
Calculate the greatest common divisor of 94 and 552579.
47
Calculate the highest common factor of 12628938 and 21.
21
What is the highest common divisor of 89042 and 8018?
422
Calculate the highest common divisor of 28157 and 259.
37
Calculate the greatest common divisor of 125 and 4430.
5
What is the greatest common factor of 18420 and 79200?
60
What is the highest common divisor of 247792 and 204?
68
Calculate the greatest common divisor of 145590 and 345.
345
Calculate the greatest common divisor of 16200 and 100.
100
What is the highest common divisor of 1273 and 134?
67
What is the greatest common factor of 24 and 47832?
24
What is the highest common factor of 162342 and 116?
58
What is the greatest common divisor of 417898 and 104?
26
Calculate the highest common divisor of 956594 and 58.
58
What is the greatest common factor of 3422 and 64546?
118
Calculate the highest common factor of 2722550 and 150.
50
Calculate the greatest common factor of 525 and 7490.
35
What is the greatest common divisor of 16490 and 47498?
34
Calculate the highest common factor of 8262 and 23579.
17
What is the highest common divisor of 63 and 15106?
7
Calculate the greatest common divisor of 15364 and 835.
167
What is the highest common factor of 3346 and 812?
14
What is the highest common divisor of 1737 and 257848?
193
Calculate the highest common divisor of 11730 and 51750.
690
What is the greatest common factor of 10762 and 26?
2
Calculate the greatest common divisor of 66 and 28094.
22
Calculate the greatest common factor of 390613 and 1336.
167
Calculate the greatest common factor of 108654 and 364.
182
What is the greatest common divisor of 232305 and 255?
255
Calculate the highest common divisor of 13 and 1958099.
13
What is the highest common factor of 16 and 95792?
16
What is the highest common factor of 110 and 6238?
2
Calculate the greatest common divisor of 17416 and 161.
7
What is the highest common factor of 8195 and 14410?
55
What is the greatest common factor of 11490 and 270?
30
What is the highest common divisor of 5455 and 12?
1
What is the highest common factor of 642883 and 3088?
193
Calculate the greatest common divisor of 744634 and 17.
17
Calculate the greatest common divisor of 1023 and 111.
3
Calculate the greatest common factor of 2020823 and 14.
7
Calculate the highest common divisor of 204429 and 8210.
821
Calculate the highest common divisor of 18336 and 224.
32
What is the highest common factor of 89475 and 225?
75
Calculate the highest common factor of 2416 and 1375912.
1208
What is the greatest common factor of 1435 and 29960?
35
What is the highest common factor of 11374 and 72662?
94
What is the greatest common divisor of 102 and 5802?
6
What is the greatest common divisor of 9210878 and 1466?
1466
Calculate the highest common divisor of 9 and 231441.
3
What is the greatest common factor of 358996 and 1353?
451
What is the greatest common factor of 3 and 312072?
3
What is the highest common factor of 1694 and 15708?
154
Calculate the greatest common factor of 25124 and 891.
11
Calculate the highest common factor of 1 and 334638.
1
Calculate the greatest common factor of 114036 and 1092.
156
Calculate the highest common divisor of 156 and 3418454.
26
What is the highest common divisor of 37102 and 338?
26
What is the highest common divisor of 3202 and 14?
2
What is the greatest common divisor of 335313 and 4158?
297
What is the highest common divisor of 387 and 4558?
43
Calculate the highest common factor of 1716 and 269022.
78
Calculate the greatest common divisor of 24 and 296048.
8
What is the highest common divisor of 229268 and 988?
52
What is the highest common factor of 2622 and 7521?
69
Calculate the greatest common factor of 27 and 58527.
9
What is the highest common factor of 377325 and 117?
117
Calculate the greatest common divisor of 27 and 537795.
9
Calculate the highest common factor of 3195 and 2865.
15
What is the highest common factor of 482 and 134237?
241
What is the highest common factor of 92785 and 245?
35
What is the greatest common factor of 8349 and 275?
11
What is the highest common divisor of 119076 and 96?
12
Calculate the greatest common factor of 7164 and 116216.
796
What is the greatest common factor of 214944 and 8?
8
Calculate the highest common factor of 36 and 149724.
36
What is the greatest common divisor of 36 and 14184?
36
What is the greatest common factor of 30710 and 30?
10
What is the highest common divisor of 14560 and 99424?
416
Calculate the highest common divisor of 20 and 48247.
1
What is the highest common divisor of 2672 and 14272?
16
What is the highest common factor of 405 and 130905?
45
Calculate the highest common factor of 148455 and 45.
45
Calculate the highest common factor of 330 and 10330.
10
What is the highest common divisor of 129180 and 480?
60
Calculate the greatest common divisor of 992 and 93000.
248
What is the greatest common factor of 411801 and 13?
13
Calculate the highest common divisor of 69 and 321954.
69
What is the highest common factor of 11360150 and 150?
50
What is the highest common factor of 17394 and 598?
26
What is the highest common factor of 341 and 6116?
11
Calculate the greatest common factor of 16 and 651764.
4
Calculate the highest common divisor of 6 and 26298.
6
Calculate the highest common divisor of 2144 and 456.
8
What is the highest common divisor of 47536 and 440?
8
What is the highest common factor of 192 and 69?
3
Calculate the greatest common divisor of 71422 and 134.
134
Calculate the greatest common divisor of 19938 and 6.
6
What is the highest common factor of 331 and 292273?
331
Calculate the greatest common factor of 31650 and 450.
150
What is the highest common divisor of 49863 and 33?
33
What is the highest common divisor of 714070 and 630?
70
Calculate the greatest common divisor of 1092 and 637476.
84
Calculate the highest common factor of 10 and 1215590.
10
Calculate the greatest common factor of 4644 and 120572.
172
Calculate the highest common factor of 5446250 and 40.
10
What is the greatest common factor of 123 and 31570?
41
Calculate the greatest common factor of 396 and 60390.
198
What is the highest common divisor of 1750320 and 880?
880
What is the highest common factor of 45570 and 420?
210
What is the highest common divisor of 790 and 477634?
158
Calculate the greatest common divisor of 1271 and 12679.
31
Calculate the greatest common divisor of 77531 and 2419.
41
What is the highest common factor of 11000 and 361625?
1375
Calculate the greatest common factor of 72 and 236268.
36
What is the highest common divisor of 3161 and 261?
29
Calculate the greatest common factor of 175 and 136175.
25
Calculate the greatest common factor of 380 and 127620.
20
Calculate the greatest commo